pose -d + 6*d + 21 = -k, 2*k + 4*d = -18. Let l be -1 + (2/k - -6). Is i(l) a multiple of 14?
True
Let h = 209 - 123. Is h a multiple of 15?
False
Let h = 156 - 107. Does 14 divide h?
False
Let w be 18/(-4)*(-4)/6. Suppose 0 = o - v - 7, 28 = w*o - 2*v + 10. Suppose o*i - 61 = -q, -4*i + q + 55 = -4*q. Does 8 divide i?
False
Suppose 3*m - 8 = 5*m. Let w(l) = 2*l**2 + 4*l + 6. Does 4 divide w(m)?
False
Suppose 0*j = 6*j - 180. Does 15 divide j?
True
Let b = 2 - -1. Suppose -2*z + b*l = -100, 3*l + 4 = 2*l. Is z a multiple of 22?
True
Let k(q) = q**3 + 8*q**2 + 11*q - 4. Is 5 a factor of k(-5)?
False
Suppose 4*v - 3*t = 3*v + 2, 16 = 3*v + t. Suppose -4*y + 3 = -v*g, -y - 4*g = 3*y - 12. Does 13 divide 0/(-2) + 15 + y?
False
Let m(s) = 3*s - 13. Let o be m(-9). Let w = 93 + o. Does 19 divide w?
False
Suppose -5*u - 6 = -3*u. Let g be -2 + (6 + u)/3. Let k = g - -16. Is 15 a factor of k?
True
Let q(d) be the third derivative of d**4/24 - d**3/6 - d**2. Let l be q(1). Suppose l = -0*n + 5*n - 70. Is 7 a factor of n?
True
Suppose 6*x - 3*x - 3 = 0. Does 15 divide (7 - x)/(9/96)?
False
Let f be 4/14 + (-47)/(-7). Suppose i - 8 = 5. Let g = i - f. Is g a multiple of 5?
False
Let f(a) = -a**3 - a**2 + 8. Let c be f(0). Let s = -4 + c. Suppose -s*l + 24 = -l. Is 4 a factor of l?
True
Let j = -124 + 178. Is j a multiple of 18?
True
Let t be 30/(-4)*(-52)/(-65). Is 12 a factor of t/27 + 326/9?
True
Let q(c) = c**2 + 7*c + 9. Let k be q(-6). Suppose -2*g + 42 = g. Suppose k*w - 50 = -2*x - g, -5*w + x + 73 = 0. Does 14 divide w?
True
Suppose 10 = a + 4*a. Suppose -2 = 2*g + 2*d, g - a = 3*d + 9. Does 8 divide (-300)/(-21) - g/7?
False
Let m = -15 - -143. Suppose -m = -2*s - 2*s. Is s a multiple of 9?
False
Let a(n) = -86*n + 5. Is a(-1) a multiple of 7?
True
Let i be ((-1)/2 + 0)*14. Let h(u) = -u**3 - 7*u**2 - u - 5. Let r be h(i). Suppose -l + 3*k - r*k = -22, -3*l = 3*k - 36. Is 16 a factor of l?
False
Suppose y - 4 = 3*y, -4*y - 13 = -r. Suppose 5*m - 490 = 4*w + w, -5*w = r*m - 460. Suppose -3*f = -8*f + m. Is 8 a factor of f?
False
Let w be (3/1 + 3)*1. Let n(x) = 5*x - 8. Is 11 a factor of n(w)?
True
Let c be (8/(-10))/(2/(-5)). Suppose -4*y - 5*n = -4, 2*y + 2 = -c*n + 6. Suppose -y = -a - 2. Is a a multiple of 3?
False
Let c(h) = -4*h - 8. Let d be c(-7). Suppose 2*j - d = -2*j. Is 2 a factor of j?
False
Let a(c) = c - 7. Let s be a(7). Suppose s = -2*b + 6. Suppose 2*u + 35 = b*f - 0, 0 = -3*f - 2*u + 55. Does 15 divide f?
True
Let p(x) = 2*x + 6. Suppose -2*i - 5*j = 3*i + 10, 2*j = 4*i + 26. Let r be p(i). Is r/(-6)*(-15)/(-2) a multiple of 5?
True
Let r be (-6)/(-9)*1*6. Suppose 0 = -5*o + 4*m - 230, -o - 3*o - 220 = r*m. Does 13 divide (o/(-1) - -1) + -2?
False
Suppose -2*x - 220 = -5*j, j + 3*x - 111 = -2*j. Is j a multiple of 6?
True
Let t = 6 - 2. Suppose t*h - 72 = 56. Is h a multiple of 10?
False
Let y = -30 - -112. Is y a multiple of 18?
False
Suppose -3*c = 6 - 12. Suppose -12 = -2*m + m + c*b, -4*m - b = -30. Is m a multiple of 8?
True
Let x = -9 - 11. Let l = x + 33. Does 13 divide l?
True
Suppose 15*w - 118 - 17 = 0. Does 9 divide w?
True
Let h = -71 - -101. Does 10 divide h?
True
Suppose -2*b + 3*c = 4*c - 605, -285 = -b + 3*c. Suppose 6*g = g + b. Suppose -g = -3*l + 4*m, m = -5*l - 2*m + 100. Is 10 a factor of l?
True
Let s(t) be the third derivative of t**5/30 - 5*t**4/24 + 2*t**3/3 - 4*t**2. Is 2 a factor of s(3)?
False
Suppose -2*m + 1 - 5 = 0. Let z = 1 - m. Suppose z*x - 83 = -2. Does 9 divide x?
True
Suppose 4*t - 3*z = 427, -3*t + 2*z + 2*z = -322. Let c = t + -43. Is 21 a factor of c?
True
Let c be (-3)/(1 + 15/(-12)). Let b be c*-2*(-6)/12. Let f = -3 + b. Is f a multiple of 6?
False
Let u(b) = -b**2 + 1. Let v(m) = -3*m**2 - 6*m - 5. Let g(n) = 2*u(n) - v(n). Suppose -33 = 5*w + q, -5*w + q + 5 - 32 = 0. Is g(w) a multiple of 5?
False
Suppose 0 = 2*m - 6 - 84. Is m a multiple of 9?
True
Let c(y) = -y**2 + 15*y + 7. Is 7 a factor of c(15)?
True
Let g be -2 - (-4 + 2) - -3. Suppose 5*r = -g*o - 19 + 2, -4*o + 4*r = 12. Let b(q) = q**2 + 3*q + 4. Does 6 divide b(o)?
False
Suppose 0 = -0*d + 5*d - 180. Let q be 27/5 + (-8)/20. Suppose 0 = n - q*n + d. Does 9 divide n?
True
Let z(c) = c + 3. Let x(f) = -3*f + 7. Let w(n) = -2*n + 3. Let d(a) = -7*w(a) + 4*x(a). Let h(p) = 4*d(p) - 9*z(p). Is 5 a factor of h(-8)?
False
Let r(q) = -q. Let f be r(0). Suppose f = 3*g - 75 - 51. Is g a multiple of 10?
False
Suppose 152 = n + 4*r - 5*r, 0 = r. Is n a multiple of 8?
True
Let k be 1*2 + (-80 - -9). Let l = k + 144. Does 15 divide l?
True
Is 322/28*(7 + -1) a multiple of 15?
False
Let w be 4 + -3 - 1*4. Let r = w - -7. Is 2 a factor of r?
True
Suppose x + 0*x - 4 = 4*u, -u = -5*x + 20. Let h = 2 + u. Suppose -h*q = 3*q - 20. Does 2 divide q?
True
Let r be 6/(-3)*2/2. Let z = 4 + r. Is 8 a factor of (z + 11)*(-1 + 2)?
False
Let u = 16 + -1. Is u a multiple of 5?
True
Let z(b) = -7*b + 5. Let v(a) = -20*a + 16. Let i(s) = -3*v(s) + 8*z(s). Let p = 16 - 10. Does 8 divide i(p)?
True
Suppose 3*q + 197 = 4*g, q - 2*g = -39 - 28. Let z = q - -186. Suppose -3*j + 3*o + 117 = -0*j, -3*j + 5*o = -z. Does 18 divide j?
True
Let r(p) = 4*p**3 + 7 + 8*p**2 + 0*p**3 - 3*p + 9*p - 3*p**3. Is 14 a factor of r(-7)?
True
Let f(l) = -3*l + 13. Does 13 divide f(-14)?
False
Suppose 2*x - 5*b = -6, 0 = -5*x - 0*b - b + 12. Suppose 2*j = -x*j + 364. Is j a multiple of 13?
True
Let i(p) = -p**3 + p**2 + 6*p + 154. Is i(0) a multiple of 10?
False
Let q = -8 + 10. Suppose -q*z + 17 = 3*h, 62 = z + 4*z + h. Does 4 divide z?
False
Is 8 a factor of (126/35)/(-3)*(-100)/3?
True
Suppose -2*f = 4*j - f - 465, -2*j + 4*f = -228. Is j a multiple of 30?
False
Suppose 10 + 38 = 3*u. Does 3 divide u?
False
Suppose -o + 3*j = -6*o + 90, -5*j = 0. Is o a multiple of 9?
True
Suppose 2 = 2*a - 2. Suppose -2*z - a*z + 11 = -3*j, -5*z + 2*j = -19. Let n = z - -8. Is n a multiple of 9?
False
Let h(j) = j**3 + 4*j**2 - 2*j - 5. Let a be h(-4). Suppose 0 = 5*x + g - 22, -a*x + 6*g - 2*g + 4 = 0. Is x a multiple of 2?
True
Let b(r) be the second derivative of -r**5/10 - r**4/4 + r**2 + r. Let v be b(-2). Suppose -3*m + 36 = v. Does 10 divide m?
True
Suppose 6*s = 20*s - 3724. Is s a multiple of 16?
False
Let y(u) = -u**2 + u - 1. Let b be y(3). Let q(m) = -m - 3. Does 4 divide q(b)?
True
Let o = 11 - 7. Suppose -7*m + 3*m - 24 = -o*l, 0 = -2*l - 2*m. Suppose -l = -2*a - 1, -a - 44 = -5*q. Is 9 a factor of q?
True
Let g be (1 + -6)*4/5. Let y be -4 - (1 + g + 3). Is (-18)/y + 9/6 a multiple of 4?
False
Let l(i) = -i - 12. Let p be l(-10). Does 8 divide (p + 0/(-1))*-10?
False
Suppose -182 = -2*q - 3*v + 4*v, 3*v = 5*q - 454. Suppose 0*y = -4*y + 2*d + q, -92 = -4*y - 3*d. Let z = y + -8. Is 9 a factor of z?
False
Let s be (-1 + 4)*(-2)/(-3). Suppose 0 = -3*v + 3*d + 69, -s*v - 5*d + 3*d + 66 = 0. Does 6 divide v?
False
Suppose -1 = c + 9. Let x = c + 6. Is 46/4 + (-6)/x a multiple of 13?
True
Suppose 0 = -5*v + 475 - 145. Is 6 a factor of v?
True
Suppose -5*v + 8 = -v. Let h be 2/(-10) - (-993)/15. Suppose -v*f + 13 = -2*b - 21, 4*f - 3*b = h. Is 11 a factor of f?
False
Suppose 0 = 4*h - 3*m + 5*m + 16, 5*h + 9 = 3*m. Suppose 4*w - 90 = -14. Let o = w + h. Is o a multiple of 16?
True
Suppose -o - 26 = -5*g, o + 4 = 2*g - 7. Let r = g + 21. Is r a multiple of 17?
False
Let c be (-2 - -2)/(9/3). Suppose -4*a + 100 + 8 = c. Let u = -3 + a. Is 12 a factor of u?
True
Suppose -858 = -8*k - 314. Does 9 divide k?
False
Suppose 0 = 4*w - 29 - 251. Is w a multiple of 9?
False
Let g be (-52)/(-14) - 2/(-7). Let i(m) = -m - m - 2*m - g. Does 4 divide i(-4)?
True
Let m(y) = -2 + 2 + 2 - 13*y. Suppose -3*s = -8*s - 4*g - 14, 5*s + 3*g + 13 = 0. Does 14 divide m(s)?
True
Let c(l) = -l**3 - 4*l**2 + 6*l + 5. Let q be c(-5). Suppose q*o + o - 80 = 0. Is o a multiple of 20?
True
Let j(m) = m**2 - 5*m + 5. Let k be j(6). Let g = 61 - k. Suppose -14 + g = 2*s. Does 9 divide s?
True
Let d = -23 + 33. Does 9 divide d?
False
Let q be (-14)/(-56) + (-586)/8. Let h = -29 - q. Does 9 divide h?
False
Suppose 168 = 3*y + 2*h + 414, 0 = -3*h. Let f = -56 - y. Is 9 a factor of f?
False
Suppose -7*r - 4 = -5*r, 3*o - 4*r = 254. Is 12 a factor of o?
False
Suppose 0*q = 2*q + 12. Is 113/5 + q/10 a multiple o